or of a and k?
5
Suppose 2*o = -3*o + 65. Let d = -6 + 9. Let f be 1/d + (-77)/(-3). What is the greatest common factor of o and f?
13
Suppose -3*k = 2*i - 17, -2 + 1 = k - i. Suppose -k*c + 98 + 28 = 0. What is the highest common factor of 6 and c?
6
Let g be (136/(-10))/(4/(-30)). Calculate the greatest common divisor of 34 and g.
34
Suppose 3 - 12 = -3*h. Suppose 2*j = -4*s + 29 - h, -s = -3*j + 11. Calculate the greatest common factor of 1 and j.
1
Let d(u) = -2*u**3 - 5*u**2 - 2*u - 6. Let b be d(-4). Suppose 3*o - 4*v - 16 - 34 = 0, -4*o + 2*v + b = 0. Calculate the highest common factor of o and 30.
10
Let j(v) = 9*v + 2*v + 0 - 6. Let p be j(4). Suppose -4*u + p = -82. What is the highest common factor of u and 45?
15
Suppose u = 2 + 1. Suppose 0 = 3*m + 3*f - f - 134, 0 = -m - u*f + 54. Calculate the highest common divisor of m and 28.
14
Let l be 8/(-12) + (-2)/6. Let j = 4 + l. What is the highest common divisor of 9 and j?
3
Suppose 2*w - 2*s - 32 = s, 2*s + 28 = 2*w. Let a(o) = o**2 - o + 4. Let h be a(0). Calculate the highest common factor of h and w.
2
Suppose 11 = 3*s + 2. Let z = s - -45. Calculate the greatest common factor of 120 and z.
24
Let w = -51 - -168. Suppose -3*o - 49 = n, 4*n = -2*o - 3*o - 77. Let i = -4 - o. Calculate the greatest common factor of i and w.
13
Suppose 4*d = j - 0*d - 21, 0 = 2*j + 4*d + 6. Let k(o) = -o**2 - o + 4. Let a be k(0). Let z = j + a. Calculate the highest common factor of 63 and z.
9
Let w(l) = l**3 + 2*l + 21. Let i be w(0). Calculate the highest common divisor of 126 and i.
21
Suppose 2*y = b - 19, -3*b - y + 58 = -b. Calculate the highest common factor of b and 3.
3
Let y = 16 - 11. Suppose -m = -y*m - 48. Let v be m/(-1)*(-4)/(-6). Calculate the highest common divisor of 2 and v.
2
Let h(t) = -t**3 + 10*t**2 + 15*t - 18. Let i be h(9). Calculate the greatest common factor of i and 22.
22
Let d be 0 + 3/((-6)/(-8)). Suppose 0 = -5*o + 25, -d*s + o = -9*s + 45. Calculate the highest common divisor of 20 and s.
4
Let f(i) = -i**2 - 6*i - 5. Let m be f(-4). Suppose -2*q - 1 = -m. Calculate the greatest common factor of 1 and q.
1
Let x = 55 + -163. Let z be 1/5 + x/(-10). Suppose 297 = w + 2*w. Calculate the greatest common divisor of z and w.
11
Let w be (0 - 0)/(-3*1). Suppose 3*v + 2 = -3*h - 4, -h - 2*v - 4 = w. Let n be h/(-1) + (52 - -2). Calculate the highest common divisor of n and 6.
6
Let g(s) = -5*s + 6*s**3 - 11*s**3 - 5 + 6*s**3 + 5*s**2. Let v be g(-5). What is the highest common factor of 180 and v?
20
Let y = -1 + 5. Suppose 0 = 4*m + 4*a - 8, y*a + 2 = -m - 8. What is the greatest common divisor of 9 and m?
3
Suppose 0 = -3*s - 6*b + 5*b + 23, -5*s + 4*b = -10. Calculate the greatest common divisor of s and 24.
6
Let g be (-16)/(8 - 4) + 24. Suppose f = 2*f - 50. Calculate the greatest common divisor of g and f.
10
Let w(u) = 16*u**2 + 2*u - 2. Suppose 3*x = a - 17, -11 - 16 = -a + 5*x. Let i be w(a). Calculate the greatest common divisor of i and 22.
22
Let a(l) = -1 - 4*l + 3*l - 8. Let v be a(-11). Calculate the greatest common divisor of 16 and v.
2
Let a be -6*2/(-2)*(-21)/(-2). Calculate the greatest common divisor of 9 and a.
9
Let z(u) = 5*u**2 + u + 2. Let m be z(5). Let j be 2/(-4) - 3/6. Let o(p) = -13*p - 1. Let b be o(j). What is the greatest common factor of b and m?
12
Let d(v) = 44*v**3 + 3*v + 1. Suppose c + 6 = -2*c. Let n be d(c). Let m be 2/(-9) + n/(-27). What is the greatest common factor of 13 and m?
13
Let m = 15 + -4. What is the greatest common divisor of 99 and m?
11
Let k be 0 + 1 - (-295)/5. Let a be 2/(-2) + (-44)/(-4). Suppose 70 = 2*j - a. Calculate the highest common divisor of j and k.
20
Let u be 3*(19/3 + -2). Calculate the highest common divisor of u and 39.
13
Let c = 87 + 57. Let w be (-2)/4*-37 - 10/20. What is the greatest common factor of c and w?
18
Suppose -1 - 23 = -2*r. Let v be ((-36)/21)/((-5)/(-70)*-1). Calculate the highest common divisor of v and r.
12
Suppose -z + 5*d = 10, -5*z + d - 1 = 1. Suppose -28 = -2*p - z*p. What is the greatest common factor of p and 126?
14
Suppose -5*i + 19 = -41. Suppose -4 = 8*l - 100. Calculate the highest common factor of i and l.
12
Suppose -3*h = -0*h + 2*t + 6, t + 3 = 5*h. Suppose -4*c + s + 52 = h, -4*c - 5*s + 14 + 62 = 0. Calculate the greatest common divisor of c and 2.
2
Suppose 4*o - 10 - 386 = 0. Let y be (-3 + 0)/((-9)/(-6)). Let h be y - (-11 + (2 - 2)). Calculate the highest common divisor of o and h.
9
Let w be 94/6 + 18/(-27). Calculate the highest common factor of w and 6.
3
Let a = -6 + 13. Suppose -3*g + a*g - 32 = 0. Calculate the highest common divisor of g and 4.
4
Let m(g) = g**3 + 6*g**2 - g - 11. Let w be m(-5). Calculate the greatest common factor of 152 and w.
19
Let m(h) = h**2 - h - 1. Let f be m(-1). Calculate the greatest common divisor of 1 and f.
1
Let h(f) = f**2 + 5. Let q(n) = -n**3 - 5*n**2 - 2*n - 6. Let i be q(-5). Let x be h(i). What is the highest common factor of 105 and x?
21
Let k = -9 - -149. Calculate the greatest common factor of 20 and k.
20
Let o be (2 + -2 + -1)*8. Let f = o - -24. Suppose 0 = -3*d + 30 + 42. Calculate the highest common factor of f and d.
8
Let r(z) = 12*z**3 + 2*z**2 - 2*z - 1. Let a be r(2). Calculate the highest common divisor of 11 and a.
11
Suppose 0*t - 27 = -3*t. Calculate the greatest common divisor of t and 72.
9
Let u = 146 - 65. Calculate the greatest common divisor of 54 and u.
27
Let k(g) = 3*g + 1. Let f be k(6). Calculate the highest common divisor of 57 and f.
19
Let m(b) = 5*b. Let t be m(1). Suppose t*i - 25 = 2*j, -i - 4*j = 1 - 6. Let w be 68/20 + (-2)/i. What is the highest common divisor of w and 3?
3
Let u = 145 + -65. Calculate the highest common factor of 32 and u.
16
Let p be -66*(1/2 + -4). What is the highest common factor of 21 and p?
21
Suppose -5*k - 10 = 0, -2*h = 2*h - k - 50. Calculate the greatest common factor of 18 and h.
6
Let y(z) = -z**3 + 9*z**2 + z - 4. Let p be y(9). Suppose -p = -b - 0. Let w = 25 + 10. Calculate the highest common divisor of b and w.
5
Let i(n) = -n**3 - 4*n**2 - 4*n - 3. Let t be i(-3). Suppose 5*g - g = t. Suppose -h + 1 + 9 = g. What is the greatest common factor of h and 90?
10
Let g = 0 - -5. Let i(d) be the second derivative of 23*d**3/6 + 2*d**2 + d. Let o be i(g). Calculate the greatest common factor of 17 and o.
17
Let d(a) = -a**3 + 14*a**2 - 18*a + 9. Let b be d(12). Calculate the greatest common factor of b and 54.
27
Let p = -182 - -413. Suppose 110 = 5*x + 5*s, -6*s = -3*x - s + 58. What is the greatest common factor of p and x?
21
Suppose -2*o = -6*o + 120. Calculate the highest common factor of o and 5.
5
Let p be (-232)/(-24) - 2/3. What is the greatest common factor of p and 9?
9
Suppose 2*s - 7*s = -4*w - 135, 0 = -w - 5. Let x = 1 + s. Let t(f) = f - 2. Let p be t(5). Calculate the highest common factor of p and x.
3
Suppose -3*r + 14 = -22. Let d be (-3 - -2)*r*-3. Calculate the greatest common factor of 24 and d.
12
Suppose -3*a + 3*i + 106 = -7*a, -5*i = -a - 38. Let z = a + 50. Calculate the greatest common factor of z and 242.
22
Let f = 19 - 8. Calculate the greatest common divisor of 121 and f.
11
Let m be (1 + -1)/2 + -1. Let i be -5*(m - (-158)/(-10)). Calculate the greatest common divisor of i and 21.
21
Suppose -78*j - 9 = -87*j. What is the highest common factor of j and 3?
1
Let l(h) = -5*h - 4 + h**2 + 15*h - 4*h. Suppose -x = 4 + 4. Let w be l(x). Calculate the greatest common divisor of 3 and w.
3
Let l be (-12)/(-2 - 2) - 1. Suppose 3*h - 16 = -2*d, -3*d - l*h = -4*d + 1. What is the highest common factor of d and 45?
5
Suppose 0 = 2*d - 5*d + 534. Let x = d - 106. Calculate the greatest common factor of 9 and x.
9
Let x = 8 - 6. Calculate the greatest common factor of x and 1.
1
Let p = -18 + 58. Suppose -4*h = 2*c + 2*c - 40, 3*h = 2*c + 5. What is the highest common factor of h and p?
5
Let r = 7 + -15. Suppose 4*y + q = -52, 0 = -2*y + 5*q - 0*q - 4. Let c be (r/y)/(2/60). Calculate the highest common factor of c and 10.
10
Let n be ((-2)/(-6))/((-1)/(-51)). Let s = n - 8. Let w(p) = p - 3. Let a be w(s). Calculate the highest common divisor of a and 6.
6
Let u(s) = 2*s**2 + 6*s + 5. Let g be u(-3). Suppose 0 = g